{"id":1959,"date":"2026-01-13T17:34:36","date_gmt":"2026-01-13T16:34:36","guid":{"rendered":"https:\/\/breizharmony.com\/?page_id=1959"},"modified":"2026-01-13T17:34:36","modified_gmt":"2026-01-13T16:34:36","slug":"mon-univers","status":"publish","type":"page","link":"https:\/\/breizharmony.com\/index.php\/mon-univers\/","title":{"rendered":"Mon univers"},"content":{"rendered":"\n<p id=\"mon-univers\">Mon univers n\u2019est pas un lieu \u00e0 expliquer.<br>C\u2019est un espace \u00e0 ressentir.<\/p>\n\n\n\n<p>Un espace o\u00f9 l\u2019on peut venir tel que l\u2019on est,<br>fatigu\u00e9, charg\u00e9, silencieux, perdu parfois.<br>Sans avoir \u00e0 savoir.<br>Sans avoir \u00e0 faire.<\/p>\n\n\n\n<p>Ici, quelque chose se pose.<br>Le corps rel\u00e2che.<br>L\u2019int\u00e9rieur s\u2019ouvre.<\/p>\n\n\n\n<p>Mon univers est fait d\u2019\u00e9coute profonde,<br>de pr\u00e9sence pleine,<br>de ce qui se per\u00e7oit quand on cesse de lutter.<\/p>\n\n\n\n<p>On n\u2019y cherche pas des r\u00e9ponses.<br>On y laisse \u00e9merger ce qui est pr\u00eat.<br>\u00c0 son rythme.<br>Quand c\u2019est juste.<\/p>\n\n\n\n<p>C\u2019est un espace simple, vrai,<br>o\u00f9 l\u2019on peut enfin d\u00e9poser ce qui p\u00e8se<br>et laisser la vie reprendre sa place.<\/p>\n","protected":false},"excerpt":{"rendered":"<p>Mon univers n\u2019est pas un lieu \u00e0 expliquer.C\u2019est un espace \u00e0 ressentir. Un [&hellip;]<\/p>\n","protected":false},"author":1,"featured_media":0,"parent":0,"menu_order":0,"comment_status":"closed","ping_status":"closed","template":"","meta":{"saved_in_kubio":false,"footnotes":""},"class_list":["post-1959","page","type-page","status-publish","hentry"],"kubio_ai_page_context":{"short_desc":"","purpose":"general"},"_links":{"self":[{"href":"https:\/\/breizharmony.com\/index.php\/wp-json\/wp\/v2\/pages\/1959","targetHints":{"allow":["GET"]}}],"collection":[{"href":"https:\/\/breizharmony.com\/index.php\/wp-json\/wp\/v2\/pages"}],"about":[{"href":"https:\/\/breizharmony.com\/index.php\/wp-json\/wp\/v2\/types\/page"}],"author":[{"embeddable":true,"href":"https:\/\/breizharmony.com\/index.php\/wp-json\/wp\/v2\/users\/1"}],"replies":[{"embeddable":true,"href":"https:\/\/breizharmony.com\/index.php\/wp-json\/wp\/v2\/comments?post=1959"}],"version-history":[{"count":2,"href":"https:\/\/breizharmony.com\/index.php\/wp-json\/wp\/v2\/pages\/1959\/revisions"}],"predecessor-version":[{"id":2183,"href":"https:\/\/breizharmony.com\/index.php\/wp-json\/wp\/v2\/pages\/1959\/revisions\/2183"}],"wp:attachment":[{"href":"https:\/\/breizharmony.com\/index.php\/wp-json\/wp\/v2\/media?parent=1959"}],"curies":[{"name":"wp","href":"https:\/\/api.w.org\/{rel}","templated":true}]}}