{"id":1532,"date":"2025-01-16T13:52:00","date_gmt":"2025-01-16T12:52:00","guid":{"rendered":"https:\/\/breizharmony.com\/?page_id=1532"},"modified":"2025-01-16T13:52:00","modified_gmt":"2025-01-16T12:52:00","slug":"autres-aspects-importants","status":"publish","type":"page","link":"https:\/\/breizharmony.com\/index.php\/autres-aspects-importants\/","title":{"rendered":"Autres aspects importants"},"content":{"rendered":"\n<p>En plus de mes services principaux, je propose \u00e9galement des soins compl\u00e9mentaires pour r\u00e9pondre \u00e0 vos besoins sp\u00e9cifiques. Si vous ressentez une douleur sans en conna\u00eetre la cause, il se peut qu&rsquo;elle soit li\u00e9e \u00e0 la souffrance de vos anc\u00eatres. Si cette douleur a travers\u00e9 les g\u00e9n\u00e9rations, c&rsquo;est que personne avant vous n&rsquo;a su comment la reconna\u00eetre, l&rsquo;accueillir, l&rsquo;enlacer et en prendre soin.<\/p>\n\n\n\n<p>Ce n&rsquo;est la faute de personne. Cependant, si vous explorez cette voie, il est peut-\u00eatre temps d&rsquo;accepter cette magnifique mission de lib\u00e9ration transg\u00e9n\u00e9rationnelle. Dans le cadre de mes accompagnements, il est fr\u00e9quent que certaines peurs, blocages ou troubles soient li\u00e9s \u00e0 la m\u00e9moire de votre lign\u00e9e.<\/p>\n\n\n\n<p>Regarder notre souffrance en face signifie aussi comprendre qu&rsquo;elle ne nous appartient pas uniquement. En prenant soin de cette douleur, nous soignons \u00e9galement celle de nos anc\u00eatres, gu\u00e9rissant ainsi plusieurs g\u00e9n\u00e9rations, parfois tr\u00e8s \u00e9loign\u00e9es.<\/p>\n\n\n\n<p>En accueillant cette mission de gu\u00e9rison transg\u00e9n\u00e9rationnelle, nous entamons un voyage qui nous permet de transformer les blessures du pass\u00e9 en une force nouvelle et bienveillante. \u00c0 travers des s\u00e9ances de th\u00e9rapie \u00e9nerg\u00e9tique et de psychog\u00e9n\u00e9alogie, nous explorerons ensemble les racines profondes de vos souffrances, les d\u00e9coderons et les lib\u00e9rerons, afin de r\u00e9tablir l&rsquo;harmonie dans votre vie et celle de vos anc\u00eatres.<\/p>\n\n\n\n<p>Chaque pas vers la gu\u00e9rison est un acte d&rsquo;amour et de r\u00e9conciliation qui apporte une paix int\u00e9rieure, non seulement \u00e0 vous-m\u00eame, mais aussi aux g\u00e9n\u00e9rations futures. En honorant votre histoire familiale et en embrassant la sagesse qu&rsquo;elle vous offre, vous cr\u00e9ez une nouvelle r\u00e9alit\u00e9, empreinte de libert\u00e9 et de l\u00e9g\u00e8ret\u00e9. Cette d\u00e9marche vous permettra de vous reconnecter \u00e0 votre v\u00e9ritable essence, d&rsquo;ouvrir votre c\u0153ur \u00e0 de nouvelles possibilit\u00e9s et d&#8217;embrasser pleinement votre potentiel.<\/p>\n\n\n\n<p>Votre engagement dans ce processus de gu\u00e9rison collective est un cadeau pr\u00e9cieux pour vous-m\u00eame et pour ceux qui viendront apr\u00e8s vous. Ensemble, nous ferons de ce cheminement une exp\u00e9rience enrichissante et transformatrice, o\u00f9 chaque lib\u00e9ration \u00e9nerg\u00e9tique contribuera \u00e0 un monde plus lumineux et plus harmonieux.<\/p>\n","protected":false},"excerpt":{"rendered":"<p>En plus de mes services principaux, je propose \u00e9galement des soins compl\u00e9mentaires pour [&hellip;]<\/p>\n","protected":false},"author":1,"featured_media":0,"parent":0,"menu_order":0,"comment_status":"closed","ping_status":"closed","template":"","meta":{"saved_in_kubio":false,"footnotes":""},"class_list":["post-1532","page","type-page","status-publish","hentry"],"kubio_ai_page_context":{"short_desc":"","purpose":"general"},"_links":{"self":[{"href":"https:\/\/breizharmony.com\/index.php\/wp-json\/wp\/v2\/pages\/1532","targetHints":{"allow":["GET"]}}],"collection":[{"href":"https:\/\/breizharmony.com\/index.php\/wp-json\/wp\/v2\/pages"}],"about":[{"href":"https:\/\/breizharmony.com\/index.php\/wp-json\/wp\/v2\/types\/page"}],"author":[{"embeddable":true,"href":"https:\/\/breizharmony.com\/index.php\/wp-json\/wp\/v2\/users\/1"}],"replies":[{"embeddable":true,"href":"https:\/\/breizharmony.com\/index.php\/wp-json\/wp\/v2\/comments?post=1532"}],"version-history":[{"count":1,"href":"https:\/\/breizharmony.com\/index.php\/wp-json\/wp\/v2\/pages\/1532\/revisions"}],"predecessor-version":[{"id":1533,"href":"https:\/\/breizharmony.com\/index.php\/wp-json\/wp\/v2\/pages\/1532\/revisions\/1533"}],"wp:attachment":[{"href":"https:\/\/breizharmony.com\/index.php\/wp-json\/wp\/v2\/media?parent=1532"}],"curies":[{"name":"wp","href":"https:\/\/api.w.org\/{rel}","templated":true}]}}