{"id":1524,"date":"2025-01-16T13:18:52","date_gmt":"2025-01-16T12:18:52","guid":{"rendered":"https:\/\/breizharmony.com\/?page_id=1524"},"modified":"2025-01-16T13:21:29","modified_gmt":"2025-01-16T12:21:29","slug":"magnetisme-curatif","status":"publish","type":"page","link":"https:\/\/breizharmony.com\/index.php\/magnetisme-curatif\/","title":{"rendered":"MAGN\u00c9TISME CURATIF"},"content":{"rendered":"\n<p>Le magn\u00e9tisme curatif repose sur le principe que chaque \u00eatre humain dispose d&rsquo;un champ \u00e9nerg\u00e9tique, ou \u00ab fluide magn\u00e9tique \u00bb, qui affecte son bien-\u00eatre tant physique que mental. Les magn\u00e9tiseurs gu\u00e9risseurs&#8230;, gr\u00e2ce \u00e0 des gestes minutieux tels que les <em>passes magn\u00e9tiques<\/em> et une concentration profonde, s&rsquo;efforcent de r\u00e9tablir l&rsquo;\u00e9quilibre de ce flux \u00e9nerg\u00e9tique. Leur but est de favoriser la relaxation, d&rsquo;att\u00e9nuer les tensions et d&rsquo;encourager les capacit\u00e9s d&rsquo;auto-gu\u00e9rison du corps humain.<\/p>\n\n\n\n<p>En pratiquant cet art ancien, le magn\u00e9tiseur utilise son propre champ \u00e9nerg\u00e9tique pour harmoniser et revitaliser celui de la personne trait\u00e9e. Les s\u00e9ances de magn\u00e9tisme peuvent ainsi conduire \u00e0 une relaxation profonde, permettant au corps et \u00e0 l&rsquo;esprit de se lib\u00e9rer du stress et des blocages accumul\u00e9s. En cr\u00e9ant un espace de calme et de bien-\u00eatre, le magn\u00e9tisme curatif aide \u00e0 restaurer l&rsquo;\u00e9quilibre naturel, favorisant un sentiment de paix int\u00e9rieure et un regain d&rsquo;\u00e9nergie.<\/p>\n\n\n\n<p>Chaque session est unique, adapt\u00e9e aux besoins sp\u00e9cifiques de l&rsquo;individu, et peut \u00eatre une exp\u00e9rience profond\u00e9ment personnelle et transformative. Le magn\u00e9tisme curatif, avec ses racines dans des traditions anciennes, continue d&rsquo;offrir une approche holistique du bien-\u00eatre, en encourageant chacun \u00e0 se reconnecter avec son essence et \u00e0 explorer les chemins vers une sant\u00e9 optimale.<\/p>\n\n\n\n<p>Le magn\u00e9tisme curatif, avec ses racines dans des traditions anciennes, continue d&rsquo;offrir une approche holistique du bien-\u00eatre, en encourageant chacun \u00e0 se reconnecter avec son essence et \u00e0 explorer les chemins vers une sant\u00e9 optimale. Dans ce cadre, chaque s\u00e9ance devient un voyage int\u00e9rieur, o\u00f9 le magn\u00e9tiseur accompagne doucement la personne vers une meilleure connaissance de soi et une harmonie retrouv\u00e9e. Les sensations subtiles qui \u00e9mergent au cours de la s\u00e9ance peuvent r\u00e9v\u00e9ler des tensions cach\u00e9es et des \u00e9motions enfouies, permettant ainsi une lib\u00e9ration progressive des entraves qui freinent l&rsquo;\u00e9panouissement personnel.<\/p>\n\n\n\n<p>L&rsquo;art du magn\u00e9tisme repose sur une \u00e9coute attentive de l&rsquo;autre, une sensibilit\u00e9 aux variations \u00e9nerg\u00e9tiques, et une intention bienveillante de soulager et de gu\u00e9rir. Dans ce processus, le magn\u00e9tiseur agit comme un guide, facilitant l&rsquo;acc\u00e8s \u00e0 une source de gu\u00e9rison int\u00e9rieure insoup\u00e7onn\u00e9e. Ce soin \u00e9nerg\u00e9tique s&rsquo;adresse \u00e0 toutes celles et ceux en qu\u00eate de mieux-\u00eatre, d\u00e9sireux de trouver une alternative douce et naturelle pour compl\u00e9ter leurs soins de sant\u00e9 traditionnels.<\/p>\n\n\n\n<p>Ainsi, le magn\u00e9tisme curatif se pr\u00e9sente comme un pr\u00e9cieux alli\u00e9 pour ceux qui souhaitent entreprendre un chemin vers l&rsquo;\u00e9quilibre et la s\u00e9r\u00e9nit\u00e9, dans un monde o\u00f9 le stress et les sollicitations incessantes p\u00e8sent souvent lourdement sur le bien-\u00eatre global. C&rsquo;est une invitation \u00e0 prendre le temps de se recentrer, de se ressourcer, et d&#8217;embrasser une vie en harmonie avec l&rsquo;univers qui nous entoure.<\/p>\n","protected":false},"excerpt":{"rendered":"<p>Le magn\u00e9tisme curatif repose sur le principe que chaque \u00eatre humain dispose d&rsquo;un [&hellip;]<\/p>\n","protected":false},"author":1,"featured_media":0,"parent":0,"menu_order":0,"comment_status":"closed","ping_status":"closed","template":"","meta":{"saved_in_kubio":false,"footnotes":""},"class_list":["post-1524","page","type-page","status-publish","hentry"],"kubio_ai_page_context":{"short_desc":"","purpose":"general"},"_links":{"self":[{"href":"https:\/\/breizharmony.com\/index.php\/wp-json\/wp\/v2\/pages\/1524","targetHints":{"allow":["GET"]}}],"collection":[{"href":"https:\/\/breizharmony.com\/index.php\/wp-json\/wp\/v2\/pages"}],"about":[{"href":"https:\/\/breizharmony.com\/index.php\/wp-json\/wp\/v2\/types\/page"}],"author":[{"embeddable":true,"href":"https:\/\/breizharmony.com\/index.php\/wp-json\/wp\/v2\/users\/1"}],"replies":[{"embeddable":true,"href":"https:\/\/breizharmony.com\/index.php\/wp-json\/wp\/v2\/comments?post=1524"}],"version-history":[{"count":3,"href":"https:\/\/breizharmony.com\/index.php\/wp-json\/wp\/v2\/pages\/1524\/revisions"}],"predecessor-version":[{"id":1527,"href":"https:\/\/breizharmony.com\/index.php\/wp-json\/wp\/v2\/pages\/1524\/revisions\/1527"}],"wp:attachment":[{"href":"https:\/\/breizharmony.com\/index.php\/wp-json\/wp\/v2\/media?parent=1524"}],"curies":[{"name":"wp","href":"https:\/\/api.w.org\/{rel}","templated":true}]}}